{"id":135754,"date":"2024-08-14T12:16:51","date_gmt":"2024-08-14T10:16:51","guid":{"rendered":"https:\/\/kucera.stoweb.cz\/?post_type=product&#038;p=135754"},"modified":"2025-08-29T12:42:19","modified_gmt":"2025-08-29T10:42:19","slug":"nyala-zimni-bunda-panska-cerna","status":"publish","type":"product","link":"https:\/\/kucera.stoweb.cz\/index.php\/produkt\/nyala-zimni-bunda-panska-cerna\/","title":{"rendered":"NYALA zimn\u00ed bunda p\u00e1nsk\u00e1 \u010dern\u00e1"},"content":{"rendered":"\t\t<div data-elementor-type=\"wp-post\" data-elementor-id=\"135754\" class=\"elementor elementor-135754\" data-elementor-post-type=\"product\">\n\t\t\t\t\t\t<section class=\"elementor-section elementor-top-section elementor-element elementor-element-c8f5555 elementor-hidden-desktop elementor-section-boxed elementor-section-height-default elementor-section-height-default\" data-id=\"c8f5555\" data-element_type=\"section\" data-e-type=\"section\">\n\t\t\t\t\t\t<div class=\"elementor-container elementor-column-gap-default\">\n\t\t\t\t\t<div class=\"elementor-column elementor-col-100 elementor-top-column elementor-element elementor-element-6244af0\" data-id=\"6244af0\" data-element_type=\"column\" data-e-type=\"column\">\n\t\t\t<div class=\"elementor-widget-wrap elementor-element-populated\">\n\t\t\t\t\t\t<div class=\"elementor-element elementor-element-6d0ad68 elementor-widget elementor-widget-text-editor\" data-id=\"6d0ad68\" data-element_type=\"widget\" data-e-type=\"widget\" data-widget_type=\"text-editor.default\">\n\t\t\t\t<div class=\"elementor-widget-container\">\n\t\t\t\t\t\t\t\t\t<h3><strong><span style=\"color: #000080;\">popis produktu<\/span><\/strong><\/h3>\t\t\t\t\t\t\t\t<\/div>\n\t\t\t\t<\/div>\n\t\t\t\t<div class=\"elementor-element elementor-element-92be0a1 elementor-hidden-desktop elementor-widget elementor-widget-text-editor\" data-id=\"92be0a1\" data-element_type=\"widget\" data-e-type=\"widget\" data-widget_type=\"text-editor.default\">\n\t\t\t\t<div class=\"elementor-widget-container\">\n\t\t\t\t\t\t\t\t\t<p><span style=\"color: #000000;\">zateplen\u00e1 nepromokav\u00e1 bunda<\/span><\/p>\n<p><span style=\"color: #000000;\">kapuce v l\u00edmci<\/span><\/p>\n<p><span style=\"color: #000000;\">zap\u00edn\u00e1n\u00ed na zip kryt\u00fd l\u00e9gou<\/span><\/p>\n<p><span style=\"color: #000000;\">nastaviteln\u00e1 \u0161\u00ed\u0159ka man\u017eet ruk\u00e1v\u016f<\/span><\/p>\n<p><span style=\"color: #000000;\">ve spodn\u00edm okraji stahov\u00e1n\u00ed na \u0161\u0148\u016frku<\/span><\/p>\n<p><span style=\"color: #000000;\">2 postrann\u00ed kapsy<\/span><\/p>\n<p><span style=\"color: #000000;\">2 n\u00e1prsn\u00ed kapsy<\/span><\/p>\n<p><span style=\"color: #000000;\">reflexn\u00ed dopl\u0148ky<\/span><\/p>\n<p><span style=\"color: #000000;\"><strong>svrchn\u00ed materi\u00e1l &nbsp; &nbsp; &nbsp;&nbsp; &nbsp; <\/strong>100 % polyester<\/span><\/p>\n<p><span style=\"color: #000000;\"><strong>povrstven\u00ed<\/strong> &nbsp;&nbsp;&nbsp;&nbsp;&nbsp;&nbsp;&nbsp;&nbsp;&nbsp;&nbsp;&nbsp;&nbsp;&nbsp;&nbsp;&nbsp;&nbsp;&nbsp;&nbsp;&nbsp; PVC<\/span><\/p>\n<p><span style=\"color: #000000;\"><strong>gram\u00e1\u017e<\/strong> &nbsp; &nbsp; &nbsp; &nbsp; &nbsp;&nbsp;&nbsp;&nbsp;&nbsp;&nbsp;&nbsp;&nbsp;&nbsp;&nbsp;&nbsp;&nbsp;&nbsp;&nbsp;&nbsp; &nbsp; 230 g\/m\u00b2<\/span><\/p>\n<p><span style=\"color: #000000;\"><strong>vod\u011bodolnost<\/strong> &nbsp; &nbsp; &nbsp; &nbsp;&nbsp; &nbsp;&nbsp;&nbsp;&nbsp; 2 000 mm<\/span><\/p>\n<p><span style=\"color: #000000;\"><strong>norma&nbsp;&nbsp;&nbsp;&nbsp;&nbsp;&nbsp;&nbsp;&nbsp; &nbsp; &nbsp;&nbsp;&nbsp;&nbsp;&nbsp;&nbsp;&nbsp;&nbsp;&nbsp;&nbsp;&nbsp;&nbsp;&nbsp;&nbsp;&nbsp; <\/strong>EN ISO 13688<\/span><\/p>\n<p><span style=\"color: #000000;\">velikost <strong>S &#8211; 3XL<\/strong><\/span><\/p>\t\t\t\t\t\t\t\t<\/div>\n\t\t\t\t<\/div>\n\t\t\t\t\t<\/div>\n\t\t<\/div>\n\t\t\t\t\t<\/div>\n\t\t<\/section>\n\t\t\t\t<section class=\"elementor-section elementor-top-section elementor-element elementor-element-c17d2d7 elementor-hidden-tablet elementor-hidden-mobile elementor-section-boxed elementor-section-height-default elementor-section-height-default\" data-id=\"c17d2d7\" data-element_type=\"section\" data-e-type=\"section\">\n\t\t\t\t\t\t<div class=\"elementor-container elementor-column-gap-default\">\n\t\t\t\t\t<div class=\"elementor-column elementor-col-50 elementor-top-column elementor-element elementor-element-c220e45\" data-id=\"c220e45\" data-element_type=\"column\" data-e-type=\"column\" data-settings=\"{&quot;background_background&quot;:&quot;classic&quot;}\">\n\t\t\t<div class=\"elementor-widget-wrap elementor-element-populated\">\n\t\t\t\t\t\t<div class=\"elementor-element elementor-element-c3aa62a elementor-hidden-tablet elementor-hidden-mobile elementor-tabs-view-horizontal elementor-widget elementor-widget-tabs\" data-id=\"c3aa62a\" data-element_type=\"widget\" data-e-type=\"widget\" data-settings=\"{&quot;_animation&quot;:&quot;none&quot;}\" data-widget_type=\"tabs.default\">\n\t\t\t\t<div class=\"elementor-widget-container\">\n\t\t\t\t\t\t\t<div class=\"elementor-tabs\">\n\t\t\t<div class=\"elementor-tabs-wrapper\" role=\"tablist\" >\n\t\t\t\t\t\t\t\t\t<div id=\"elementor-tab-title-2051\" class=\"elementor-tab-title elementor-tab-desktop-title\" aria-selected=\"true\" data-tab=\"1\" role=\"tab\" tabindex=\"0\" aria-controls=\"elementor-tab-content-2051\" aria-expanded=\"false\">popis produktu<\/div>\n\t\t\t\t\t\t\t\t\t<div id=\"elementor-tab-title-2052\" class=\"elementor-tab-title elementor-tab-desktop-title\" aria-selected=\"false\" data-tab=\"2\" role=\"tab\" tabindex=\"-1\" aria-controls=\"elementor-tab-content-2052\" aria-expanded=\"false\">technick\u00e9 parametry<\/div>\n\t\t\t\t\t\t\t\t\t<div id=\"elementor-tab-title-2053\" class=\"elementor-tab-title elementor-tab-desktop-title\" aria-selected=\"false\" data-tab=\"3\" role=\"tab\" tabindex=\"-1\" aria-controls=\"elementor-tab-content-2053\" aria-expanded=\"false\">dokumenty<\/div>\n\t\t\t\t\t\t\t\t\t<div id=\"elementor-tab-title-2054\" class=\"elementor-tab-title elementor-tab-desktop-title\" aria-selected=\"false\" data-tab=\"4\" role=\"tab\" tabindex=\"-1\" aria-controls=\"elementor-tab-content-2054\" aria-expanded=\"false\">tabulka velikost\u00ed<\/div>\n\t\t\t\t\t\t\t<\/div>\n\t\t\t<div class=\"elementor-tabs-content-wrapper\" role=\"tablist\" aria-orientation=\"vertical\">\n\t\t\t\t\t\t\t\t\t<div class=\"elementor-tab-title elementor-tab-mobile-title\" aria-selected=\"true\" data-tab=\"1\" role=\"tab\" tabindex=\"0\" aria-controls=\"elementor-tab-content-2051\" aria-expanded=\"false\">popis produktu<\/div>\n\t\t\t\t\t<div id=\"elementor-tab-content-2051\" class=\"elementor-tab-content elementor-clearfix\" data-tab=\"1\" role=\"tabpanel\" aria-labelledby=\"elementor-tab-title-2051\" tabindex=\"0\" hidden=\"false\"><h3>&nbsp;<\/h3>\n<p><strong><span style=\"color: #000000;\">zateplen\u00e1 nepromokav\u00e1 bunda<\/span><\/strong><\/p>\n<p><span style=\"color: #000000;\">kapuce v l\u00edmci<\/span><\/p>\n<p><span style=\"color: #000000;\">zap\u00edn\u00e1n\u00ed na zip kryt\u00fd l\u00e9gou<\/span><\/p>\n<p><span style=\"color: #000000;\">nastaviteln\u00e1 \u0161\u00ed\u0159ka man\u017eet ruk\u00e1v\u016f<\/span><\/p>\n<p><span style=\"color: #000000;\">ve spodn\u00edm okraji stahov\u00e1n\u00ed na \u0161\u0148\u016frku<\/span><\/p>\n<p><span style=\"color: #000000;\">2 postrann\u00ed kapsy<\/span><\/p>\n<p><span style=\"color: #000000;\">2 n\u00e1prsn\u00ed kapsy<\/span><\/p>\n<p><span style=\"color: #000000;\">reflexn\u00ed dopl\u0148ky<\/span><\/p>\n<p><span style=\"color: #000000;\">velikost <\/span><strong><span style=\"color: #000000;\">S &#8211; 3XL<\/span><\/strong><\/p><\/div>\n\t\t\t\t\t\t\t\t\t<div class=\"elementor-tab-title elementor-tab-mobile-title\" aria-selected=\"false\" data-tab=\"2\" role=\"tab\" tabindex=\"-1\" aria-controls=\"elementor-tab-content-2052\" aria-expanded=\"false\">technick\u00e9 parametry<\/div>\n\t\t\t\t\t<div id=\"elementor-tab-content-2052\" class=\"elementor-tab-content elementor-clearfix\" data-tab=\"2\" role=\"tabpanel\" aria-labelledby=\"elementor-tab-title-2052\" tabindex=\"0\" hidden=\"hidden\"><h3>\u00a0<\/h3><p><span style=\"color: #000000;\"><strong>svrchn\u00ed materi\u00e1l \u00a0 \u00a0 \u00a0\u00a0 \u00a0 <\/strong>100 % polyester<\/span><\/p><p><span style=\"color: #000000;\"><strong>povrstven\u00ed<\/strong> \u00a0\u00a0\u00a0\u00a0\u00a0\u00a0\u00a0\u00a0\u00a0\u00a0\u00a0\u00a0\u00a0\u00a0\u00a0\u00a0\u00a0\u00a0\u00a0 PVC<br \/><\/span><\/p><p><span style=\"color: #000000;\"><strong>gram\u00e1\u017e<\/strong> \u00a0 \u00a0 \u00a0 \u00a0 \u00a0\u00a0\u00a0\u00a0\u00a0\u00a0\u00a0\u00a0\u00a0\u00a0\u00a0\u00a0\u00a0\u00a0\u00a0 \u00a0 230 g\/m\u00b2<\/span><\/p><p><span style=\"color: #000000;\"><strong>vod\u011bodolnost<\/strong><\/span> \u00a0 \u00a0 \u00a0 \u00a0\u00a0 \u00a0\u00a0\u00a0\u00a0<span style=\"color: #000000;\"> 2 000 mm<\/span><\/p><p><strong><span style=\"color: #000000;\">norma\u00a0\u00a0\u00a0\u00a0\u00a0\u00a0\u00a0\u00a0 \u00a0 \u00a0\u00a0\u00a0\u00a0\u00a0\u00a0\u00a0\u00a0\u00a0\u00a0\u00a0\u00a0\u00a0\u00a0\u00a0 <\/span><\/strong><span style=\"color: #000000;\">EN ISO 13688<\/span><\/p><p><span style=\"color: #000000;\"><strong>v\u00fdrobce \u00a0 \u00a0 \u00a0 \u00a0\u00a0\u00a0\u00a0\u00a0\u00a0\u00a0\u00a0\u00a0\u00a0\u00a0\u00a0\u00a0\u00a0\u00a0\u00a0 <\/strong>CERVA<\/span><\/p><div class=\"product-property\"><p class=\"title maintenance-title\"><span style=\"color: #000000;\">\u00dadr\u017eba:<\/span><\/p><div class=\"value\"><p class=\"maintenance-value ng-star-inserted\"><span style=\"color: #000000;\">Perte na 30 \u00b0C, b\u011b\u017en\u00fd prac\u00ed cyklus<br \/><\/span><\/p><div class=\"maintenance-icon\"><div class=\"crv-image-container\"><div class=\"resize-sensor\" dir=\"ltr\"><div class=\"resize-sensor-expand\"><div>\u00a0<\/div><\/div><div class=\"resize-sensor-shrink\"><div>\u00a0<\/div><\/div><\/div><\/div><\/div><p class=\"maintenance-value ng-star-inserted\"><span style=\"color: #000000;\">Neb\u011blte.\u00a0Nesm\u00ed se b\u011blit peroxidov\u00fdmi ani chlorov\u00fdmi p\u0159\u00edpravky<\/span><\/p><div class=\"maintenance-icon\"><div class=\"crv-image-container\"><div class=\"resize-sensor\" dir=\"ltr\"><div class=\"resize-sensor-expand\"><div>\u00a0<\/div><\/div><div class=\"resize-sensor-shrink\"><div>\u00a0<\/div><\/div><\/div><\/div><\/div><p class=\"maintenance-value ng-star-inserted\"><span style=\"color: #000000;\">Nesu\u0161te v su\u0161i\u010dce <br \/><\/span><\/p><div class=\"maintenance-icon\"><div class=\"crv-image-container\"><div class=\"resize-sensor\" dir=\"ltr\"><div class=\"resize-sensor-expand\"><div>\u00a0<\/div><\/div><div class=\"resize-sensor-shrink\"><div>\u00a0<\/div><\/div><\/div><\/div><\/div><p class=\"maintenance-value ng-star-inserted\"><span style=\"color: #000000;\">Ne\u017eehlete. P\u0159i \u017eehlen\u00ed hroz\u00ed nevratn\u00e9 po\u0161kozen\u00ed<\/span><\/p><div class=\"maintenance-icon\"><div class=\"crv-image-container\"><div class=\"resize-sensor\" dir=\"ltr\"><div class=\"resize-sensor-expand\"><div>\u00a0<\/div><\/div><div class=\"resize-sensor-shrink\"><div>\u00a0<\/div><\/div><\/div><\/div><\/div><p class=\"maintenance-value ng-star-inserted\"><span style=\"color: #000000;\">Chemick\u00e9 \u010di\u0161t\u011bn\u00ed zak\u00e1z\u00e1no<\/span><\/p><\/div><\/div><\/div>\n\t\t\t\t\t\t\t\t\t<div class=\"elementor-tab-title elementor-tab-mobile-title\" aria-selected=\"false\" data-tab=\"3\" role=\"tab\" tabindex=\"-1\" aria-controls=\"elementor-tab-content-2053\" aria-expanded=\"false\">dokumenty<\/div>\n\t\t\t\t\t<div id=\"elementor-tab-content-2053\" class=\"elementor-tab-content elementor-clearfix\" data-tab=\"3\" role=\"tabpanel\" aria-labelledby=\"elementor-tab-title-2053\" tabindex=\"0\" hidden=\"hidden\"><h3>\u00a0<\/h3><p><a href=\"https:\/\/www.cerva.com\/medias\/conformity-0301000500008.pdf?context=bWFzdGVyfHJvb3R8MzU5MjJ8YXBwbGljYXRpb24vcGRmfDkxMDg2NTE2Mzg4MTQvY29uZm9ybWl0eV8wMzAxMDAwNTAwMDA4LnBkZnw2YThkYWZlN2E5YjZjN2U2Y2M4ODNjYmM3MGIxYmMyMWI0NGUwMDM4MWZjOTEwMGNlYmZjZTI2MjI2OGQzNDAx\" target=\"_blank\" rel=\"noopener\">prohl\u00e1\u0161en\u00ed o shod\u011b<\/a><\/p><p><a href=\"https:\/\/www.cerva.com\/medias\/product-sheet-0301000500008.pdf?context=bWFzdGVyfHJvb3R8MTA3MDA2fGFwcGxpY2F0aW9uL3BkZnw5MTA4NjUxNzA0MzUwL3Byb2R1Y3Rfc2hlZXRfMDMwMTAwMDUwMDAwOC5wZGZ8NzM1MjNjOWE5NDJjNzc0NGYyZWMxYTNjNzAzZTc3OWViZjY3NzQwNTZkYjdhMGE5Y2NiOWQzNTdiNTUzMGM5MA\" target=\"_blank\" rel=\"noopener\">technick\u00fd list<\/a><\/p><\/div>\n\t\t\t\t\t\t\t\t\t<div class=\"elementor-tab-title elementor-tab-mobile-title\" aria-selected=\"false\" data-tab=\"4\" role=\"tab\" tabindex=\"-1\" aria-controls=\"elementor-tab-content-2054\" aria-expanded=\"false\">tabulka velikost\u00ed<\/div>\n\t\t\t\t\t<div id=\"elementor-tab-content-2054\" class=\"elementor-tab-content elementor-clearfix\" data-tab=\"4\" role=\"tabpanel\" aria-labelledby=\"elementor-tab-title-2054\" tabindex=\"0\" hidden=\"hidden\"><h3>\u00a0<\/h3><p><span style=\"color: #000000;\"><strong>bundy<\/strong><\/span><\/p><p><span style=\"color: #000000;\"><strong>velikost mezin\u00e1rodn\u00ed\u00a0 SML\u00a0<\/strong>\u00a0 I \u00a0\u00a0 \u00a0\u00a0\u00a0\u00a0\u00a0 XS\u00a0\u00a0 \u00a0 \u00a0 \u00a0 \u00a0 I \u00a0 \u00a0 \u00a0\u00a0 \u00a0 \u00a0<span style=\"color: #1a1adb;\"> S<\/span>\u00a0 \u00a0\u00a0 \u00a0 \u00a0\u00a0 I \u00a0 \u00a0\u00a0 \u00a0\u00a0\u00a0\u00a0 M\u00a0\u00a0\u00a0 \u00a0\u00a0 \u00a0\u00a0 \u00a0 I \u00a0\u00a0 \u00a0 \u00a0 \u00a0\u00a0\u00a0\u00a0<span style=\"color: #1a1adb;\"> L \u00a0<\/span>\u00a0 \u00a0 \u00a0 \u00a0\u00a0\u00a0 I\u00a0\u00a0\u00a0\u00a0 \u00a0 \u00a0\u00a0 \u00a0 XL\u00a0\u00a0\u00a0\u00a0\u00a0\u00a0\u00a0\u00a0\u00a0\u00a0\u00a0 I\u00a0\u00a0\u00a0\u00a0\u00a0\u00a0\u00a0\u00a0\u00a0\u00a0\u00a0 <span style=\"color: #1a1adb;\">2XL\u00a0<\/span>\u00a0\u00a0\u00a0\u00a0\u00a0\u00a0\u00a0\u00a0\u00a0\u00a0 I\u00a0\u00a0\u00a0\u00a0\u00a0\u00a0\u00a0\u00a0\u00a0\u00a0\u00a0 3XL\u00a0\u00a0\u00a0\u00a0\u00a0\u00a0\u00a0\u00a0\u00a0\u00a0\u00a0 I\u00a0\u00a0\u00a0\u00a0\u00a0\u00a0\u00a0\u00a0\u00a0\u00a0\u00a0 <span style=\"color: #1a1adb;\">4XL<\/span>\u00a0\u00a0\u00a0\u00a0\u00a0\u00a0\u00a0\u00a0\u00a0\u00a0\u00a0 I\u00a0\u00a0\u00a0\u00a0\u00a0\u00a0\u00a0\u00a0\u00a0\u00a0\u00a0 5XL\u00a0\u00a0\u00a0\u00a0\u00a0\u00a0\u00a0\u00a0\u00a0\u00a0\u00a0 I<\/span><\/p><p><span style=\"color: #000000;\"><strong>obvod hrudi*<\/strong> \u00a0\u00a0\u00a0\u00a0\u00a0 \u00a0 \u00a0 \u00a0 \u00a0 \u00a0 \u00a0 \u00a0 \u00a0 \u00a0 \u00a0 \u00a0\u00a0 \u00a0\u00a0\u00a0\u00a0\u00a0\u00a0 85 &#8211; 90\u00a0 \u00a0 \u00a0 \u00a0 \u00a0\u00a0 \u00a0 \u00a0 <span style=\"color: #1a1adb;\">91 &#8211; 96<\/span> \u00a0 \u00a0 \u00a0 \u00a0 \u00a0\u00a0 97 &#8211; 102\u00a0\u00a0\u00a0\u00a0\u00a0 \u00a0 \u00a0\u00a0 \u00a0 <span style=\"color: #1a1adb;\">103 &#8211; 108<\/span> \u00a0\u00a0\u00a0 \u00a0 \u00a0\u00a0 \u00a0 109 &#8211; 114 \u00a0\u00a0 \u00a0 \u00a0 \u00a0 \u00a0 \u00a0\u00a0 \u00a0 <span style=\"color: #1a1adb;\">115 &#8211; 120<\/span> \u00a0 \u00a0\u00a0 \u00a0 \u00a0 \u00a0 \u00a0 \u00a0\u00a0 121 &#8211; 126\u00a0\u00a0\u00a0 \u00a0\u00a0 \u00a0\u00a0 \u00a0 \u00a0\u00a0 \u00a0 <span style=\"color: #1a1adb;\">127 &#8211; 132<\/span>\u00a0 \u00a0 \u00a0 \u00a0 \u00a0\u00a0 \u00a0\u00a0 \u00a0 133 &#8211; 138 <\/span><\/p><p><span style=\"color: #000000;\"><strong>obvod pasu*<\/strong> \u00a0\u00a0\u00a0\u00a0 \u00a0 \u00a0 \u00a0 \u00a0 \u00a0 \u00a0\u00a0\u00a0 \u00a0\u00a0\u00a0\u00a0\u00a0\u00a0\u00a0\u00a0\u00a0\u00a0\u00a0\u00a0\u00a0\u00a0\u00a0\u00a0\u00a0 73 &#8211; 78\u00a0\u00a0\u00a0\u00a0\u00a0\u00a0\u00a0\u00a0\u00a0\u00a0\u00a0\u00a0\u00a0\u00a0 <span style=\"color: #1a1adb;\">79 &#8211; 84<\/span>\u00a0\u00a0\u00a0\u00a0 \u00a0 \u00a0 \u00a0 85 &#8211; 90\u00a0\u00a0\u00a0\u00a0\u00a0\u00a0\u00a0\u00a0 \u00a0\u00a0\u00a0\u00a0\u00a0\u00a0\u00a0 <span style=\"color: #1a1adb;\">91 &#8211; 96 \u00a0<\/span> \u00a0\u00a0\u00a0 \u00a0\u00a0\u00a0\u00a0\u00a0\u00a0 97 &#8211; 104\u00a0\u00a0\u00a0\u00a0 \u00a0 \u00a0\u00a0 \u00a0\u00a0 \u00a0\u00a0\u00a0 <span style=\"color: #1a1adb;\">105 &#8211; 111<\/span> \u00a0\u00a0\u00a0\u00a0\u00a0\u00a0 \u00a0 \u00a0 \u00a0\u00a0\u00a0\u00a0\u00a0 112 &#8211; 118 \u00a0\u00a0\u00a0\u00a0 \u00a0 \u00a0 \u00a0\u00a0 \u00a0\u00a0\u00a0\u00a0<span style=\"color: #1a1adb;\"> 119 &#8211; 125\u00a0\u00a0<\/span>\u00a0\u00a0\u00a0\u00a0 \u00a0 \u00a0\u00a0\u00a0 \u00a0\u00a0 126 &#8211; 132<\/span><\/p><p><span style=\"color: #000000;\">\u00a0<\/span><\/p><p><span style=\"color: #000000;\"><strong>* v cm<\/strong><\/span><\/p><\/div>\n\t\t\t\t\t\t\t<\/div>\n\t\t<\/div>\n\t\t\t\t\t\t<\/div>\n\t\t\t\t<\/div>\n\t\t\t\t\t<\/div>\n\t\t<\/div>\n\t\t\t\t<div class=\"elementor-column elementor-col-50 elementor-top-column elementor-element elementor-element-6fee082\" data-id=\"6fee082\" data-element_type=\"column\" data-e-type=\"column\" data-settings=\"{&quot;background_background&quot;:&quot;classic&quot;}\">\n\t\t\t<div class=\"elementor-widget-wrap elementor-element-populated\">\n\t\t\t\t\t\t<div class=\"elementor-element elementor-element-f696ea9 elementor-widget elementor-widget-text-editor\" data-id=\"f696ea9\" data-element_type=\"widget\" data-e-type=\"widget\" data-widget_type=\"text-editor.default\">\n\t\t\t\t<div class=\"elementor-widget-container\">\n\t\t\t\t\t\t\t\t\t<p><span style=\"color: #000000;\">produkt zna\u010dky<\/span><\/p>\t\t\t\t\t\t\t\t<\/div>\n\t\t\t\t<\/div>\n\t\t\t\t<div class=\"elementor-element elementor-element-8e17d86 elementor-widget elementor-widget-image\" data-id=\"8e17d86\" data-element_type=\"widget\" data-e-type=\"widget\" data-widget_type=\"image.default\">\n\t\t\t\t<div class=\"elementor-widget-container\">\n\t\t\t\t\t\t\t\t\t\t\t\t\t\t\t<img fetchpriority=\"high\" decoding=\"async\" width=\"695\" height=\"280\" src=\"https:\/\/kucera.stoweb.cz\/wp-content\/uploads\/2022\/06\/CERVA-logo.jpg\" class=\"attachment-large size-large wp-image-38244\" alt=\"\" srcset=\"https:\/\/kucera.stoweb.cz\/wp-content\/uploads\/2022\/06\/CERVA-logo.jpg 695w, https:\/\/kucera.stoweb.cz\/wp-content\/uploads\/2022\/06\/CERVA-logo-300x121.jpg 300w, https:\/\/kucera.stoweb.cz\/wp-content\/uploads\/2022\/06\/CERVA-logo-600x242.jpg 600w\" sizes=\"(max-width: 695px) 100vw, 695px\" \/>\t\t\t\t\t\t\t\t\t\t\t\t\t\t\t<\/div>\n\t\t\t\t<\/div>\n\t\t\t\t\t<\/div>\n\t\t<\/div>\n\t\t\t\t\t<\/div>\n\t\t<\/section>\n\t\t\t\t<section class=\"elementor-section elementor-top-section elementor-element elementor-element-a8c3841 elementor-hidden-tablet elementor-hidden-mobile elementor-section-boxed elementor-section-height-default elementor-section-height-default\" data-id=\"a8c3841\" data-element_type=\"section\" data-e-type=\"section\">\n\t\t\t\t\t\t\t<div class=\"elementor-background-overlay\"><\/div>\n\t\t\t\t\t\t\t<div class=\"elementor-container elementor-column-gap-default\">\n\t\t\t\t\t<div class=\"elementor-column elementor-col-16 elementor-top-column elementor-element elementor-element-7f71fca\" data-id=\"7f71fca\" data-element_type=\"column\" data-e-type=\"column\" data-settings=\"{&quot;background_background&quot;:&quot;classic&quot;}\">\n\t\t\t<div class=\"elementor-widget-wrap elementor-element-populated\">\n\t\t\t\t\t\t<div class=\"elementor-element elementor-element-cd99c24 elementor-widget elementor-widget-text-editor\" data-id=\"cd99c24\" data-element_type=\"widget\" data-e-type=\"widget\" data-widget_type=\"text-editor.default\">\n\t\t\t\t<div class=\"elementor-widget-container\">\n\t\t\t\t\t\t\t\t\t<p><span lang=\"EN\" style=\"color: #000000;\">ochrann\u00e9 od\u011bvy &#8211; v\u0161eobecn\u00e9 po\u017eadavky <br \/><\/span><\/p><p><span lang=\"EN\" style=\"color: #000000;\">EN ISO 13688 : 2013 <\/span><span lang=\"EN\" style=\"color: #000000;\"><span lang=\"EN\">\u00a0\u00a0\u00a0\u00a0\u00a0\u00a0\u00a0<\/span> <\/span><\/p>\t\t\t\t\t\t\t\t<\/div>\n\t\t\t\t<\/div>\n\t\t\t\t\t<\/div>\n\t\t<\/div>\n\t\t\t\t<div class=\"elementor-column elementor-col-16 elementor-top-column elementor-element elementor-element-a1ac67e\" data-id=\"a1ac67e\" data-element_type=\"column\" data-e-type=\"column\" data-settings=\"{&quot;background_background&quot;:&quot;classic&quot;}\">\n\t\t\t<div class=\"elementor-widget-wrap elementor-element-populated\">\n\t\t\t\t\t\t<div class=\"elementor-element elementor-element-f2d23f1 elementor-widget elementor-widget-image\" data-id=\"f2d23f1\" data-element_type=\"widget\" data-e-type=\"widget\" data-widget_type=\"image.default\">\n\t\t\t\t<div class=\"elementor-widget-container\">\n\t\t\t\t\t\t\t\t\t\t\t\t\t\t\t<img decoding=\"async\" width=\"69\" height=\"69\" src=\"https:\/\/kucera.stoweb.cz\/wp-content\/uploads\/2021\/10\/symbol-zimy.png\" class=\"attachment-large size-large wp-image-13655\" alt=\"\" \/>\t\t\t\t\t\t\t\t\t\t\t\t\t\t\t<\/div>\n\t\t\t\t<\/div>\n\t\t\t\t\t<\/div>\n\t\t<\/div>\n\t\t\t\t<div class=\"elementor-column elementor-col-16 elementor-top-column elementor-element elementor-element-4557fca\" data-id=\"4557fca\" data-element_type=\"column\" data-e-type=\"column\" data-settings=\"{&quot;background_background&quot;:&quot;classic&quot;}\">\n\t\t\t<div class=\"elementor-widget-wrap\">\n\t\t\t\t\t\t\t<\/div>\n\t\t<\/div>\n\t\t\t\t<div class=\"elementor-column elementor-col-16 elementor-top-column elementor-element elementor-element-420c6a7\" data-id=\"420c6a7\" data-element_type=\"column\" data-e-type=\"column\" data-settings=\"{&quot;background_background&quot;:&quot;classic&quot;}\">\n\t\t\t<div class=\"elementor-widget-wrap\">\n\t\t\t\t\t\t\t<\/div>\n\t\t<\/div>\n\t\t\t\t<div class=\"elementor-column elementor-col-16 elementor-top-column elementor-element elementor-element-abd37bd\" data-id=\"abd37bd\" data-element_type=\"column\" data-e-type=\"column\" data-settings=\"{&quot;background_background&quot;:&quot;classic&quot;}\">\n\t\t\t<div class=\"elementor-widget-wrap\">\n\t\t\t\t\t\t\t<\/div>\n\t\t<\/div>\n\t\t\t\t<div class=\"elementor-column elementor-col-16 elementor-top-column elementor-element elementor-element-28182d4\" data-id=\"28182d4\" data-element_type=\"column\" data-e-type=\"column\" data-settings=\"{&quot;background_background&quot;:&quot;classic&quot;}\">\n\t\t\t<div class=\"elementor-widget-wrap\">\n\t\t\t\t\t\t\t<\/div>\n\t\t<\/div>\n\t\t\t\t\t<\/div>\n\t\t<\/section>\n\t\t\t\t<\/div>\n\t\t","protected":false},"excerpt":{"rendered":"<h6>katalogov\u00e9 \u010d\u00edslo<strong> 21012<br \/>\n<\/strong><\/h6>\n<h6>k\u00f3d v\u00fdrobce<strong> 0301000560<br \/>\n<\/strong><\/h6>\n","protected":false},"featured_media":13851,"comment_status":"closed","ping_status":"closed","template":"elementor_theme","meta":{"ocean_post_layout":"","ocean_both_sidebars_style":"","ocean_both_sidebars_content_width":0,"ocean_both_sidebars_sidebars_width":0,"ocean_sidebar":"0","ocean_second_sidebar":"0","ocean_disable_margins":"enable","ocean_add_body_class":"","ocean_shortcode_before_top_bar":"","ocean_shortcode_after_top_bar":"","ocean_shortcode_before_header":"","ocean_shortcode_after_header":"","ocean_has_shortcode":"","ocean_shortcode_after_title":"","ocean_shortcode_before_footer_widgets":"","ocean_shortcode_after_footer_widgets":"","ocean_shortcode_before_footer_bottom":"","ocean_shortcode_after_footer_bottom":"","ocean_display_top_bar":"default","ocean_display_header":"default","ocean_header_style":"","ocean_center_header_left_menu":"0","ocean_custom_header_template":"0","ocean_custom_logo":0,"ocean_custom_retina_logo":0,"ocean_custom_logo_max_width":0,"ocean_custom_logo_tablet_max_width":0,"ocean_custom_logo_mobile_max_width":0,"ocean_custom_logo_max_height":0,"ocean_custom_logo_tablet_max_height":0,"ocean_custom_logo_mobile_max_height":0,"ocean_header_custom_menu":"0","ocean_menu_typo_font_family":"0","ocean_menu_typo_font_subset":"","ocean_menu_typo_font_size":0,"ocean_menu_typo_font_size_tablet":0,"ocean_menu_typo_font_size_mobile":0,"ocean_menu_typo_font_size_unit":"px","ocean_menu_typo_font_weight":"","ocean_menu_typo_font_weight_tablet":"","ocean_menu_typo_font_weight_mobile":"","ocean_menu_typo_transform":"","ocean_menu_typo_transform_tablet":"","ocean_menu_typo_transform_mobile":"","ocean_menu_typo_line_height":0,"ocean_menu_typo_line_height_tablet":0,"ocean_menu_typo_line_height_mobile":0,"ocean_menu_typo_line_height_unit":"","ocean_menu_typo_spacing":0,"ocean_menu_typo_spacing_tablet":0,"ocean_menu_typo_spacing_mobile":0,"ocean_menu_typo_spacing_unit":"","ocean_menu_link_color":"","ocean_menu_link_color_hover":"","ocean_menu_link_color_active":"","ocean_menu_link_background":"","ocean_menu_link_hover_background":"","ocean_menu_link_active_background":"","ocean_menu_social_links_bg":"","ocean_menu_social_hover_links_bg":"","ocean_menu_social_links_color":"","ocean_menu_social_hover_links_color":"","ocean_disable_title":"default","ocean_disable_heading":"default","ocean_post_title":"","ocean_post_subheading":"","ocean_post_title_style":"","ocean_post_title_background_color":"","ocean_post_title_background":0,"ocean_post_title_bg_image_position":"","ocean_post_title_bg_image_attachment":"","ocean_post_title_bg_image_repeat":"","ocean_post_title_bg_image_size":"","ocean_post_title_height":0,"ocean_post_title_bg_overlay":0.5,"ocean_post_title_bg_overlay_color":"","ocean_disable_breadcrumbs":"default","ocean_breadcrumbs_color":"","ocean_breadcrumbs_separator_color":"","ocean_breadcrumbs_links_color":"","ocean_breadcrumbs_links_hover_color":"","ocean_display_footer_widgets":"default","ocean_display_footer_bottom":"default","ocean_custom_footer_template":"0"},"product_brand":[],"product_cat":[179],"product_tag":[],"class_list":{"0":"post-135754","1":"product","2":"type-product","3":"status-publish","4":"has-post-thumbnail","6":"product_cat-odevy","7":"pa_barva-cerna","8":"pa_vel-2xl","9":"pa_vel-3xl","10":"pa_vel-l","11":"pa_vel-m","12":"pa_vel-s","13":"pa_vel-xl","15":"entry","16":"has-media","18":"first","19":"instock","20":"taxable","21":"shipping-taxable","22":"purchasable","23":"product-type-variable","24":"col","25":"span_1_of_4","26":"owp-content-left","27":"owp-thumbs-layout-horizontal","28":"owp-btn-big","29":"owp-tabs-layout-horizontal","30":"has-no-thumbnails"},"_links":{"self":[{"href":"https:\/\/kucera.stoweb.cz\/index.php\/wp-json\/wp\/v2\/product\/135754","targetHints":{"allow":["GET"]}}],"collection":[{"href":"https:\/\/kucera.stoweb.cz\/index.php\/wp-json\/wp\/v2\/product"}],"about":[{"href":"https:\/\/kucera.stoweb.cz\/index.php\/wp-json\/wp\/v2\/types\/product"}],"replies":[{"embeddable":true,"href":"https:\/\/kucera.stoweb.cz\/index.php\/wp-json\/wp\/v2\/comments?post=135754"}],"version-history":[{"count":3,"href":"https:\/\/kucera.stoweb.cz\/index.php\/wp-json\/wp\/v2\/product\/135754\/revisions"}],"predecessor-version":[{"id":190201,"href":"https:\/\/kucera.stoweb.cz\/index.php\/wp-json\/wp\/v2\/product\/135754\/revisions\/190201"}],"wp:featuredmedia":[{"embeddable":true,"href":"https:\/\/kucera.stoweb.cz\/index.php\/wp-json\/wp\/v2\/media\/13851"}],"wp:attachment":[{"href":"https:\/\/kucera.stoweb.cz\/index.php\/wp-json\/wp\/v2\/media?parent=135754"}],"wp:term":[{"taxonomy":"product_brand","embeddable":true,"href":"https:\/\/kucera.stoweb.cz\/index.php\/wp-json\/wp\/v2\/product_brand?post=135754"},{"taxonomy":"product_cat","embeddable":true,"href":"https:\/\/kucera.stoweb.cz\/index.php\/wp-json\/wp\/v2\/product_cat?post=135754"},{"taxonomy":"product_tag","embeddable":true,"href":"https:\/\/kucera.stoweb.cz\/index.php\/wp-json\/wp\/v2\/product_tag?post=135754"}],"curies":[{"name":"wp","href":"https:\/\/api.w.org\/{rel}","templated":true}]}}